{"id":61,"date":"2025-07-05T18:14:39","date_gmt":"2025-07-05T16:14:39","guid":{"rendered":"http:\/\/stephaniekrolauteur.fr\/?page_id=61"},"modified":"2026-04-03T23:28:05","modified_gmt":"2026-04-03T21:28:05","slug":"fbjksdbkfbksdbfk","status":"publish","type":"page","link":"https:\/\/stephaniekrolauteur.fr\/","title":{"rendered":"Autrice"},"content":{"rendered":"\n<ul class=\"wp-block-social-links is-layout-flex wp-block-social-links-is-layout-flex\"><li class=\"wp-social-link wp-social-link-facebook  wp-block-social-link\"><a href=\"https:\/\/www.facebook.com\/stephanie.crougneau.9\" class=\"wp-block-social-link-anchor\"><svg width=\"24\" height=\"24\" viewBox=\"0 0 24 24\" version=\"1.1\" xmlns=\"http:\/\/www.w3.org\/2000\/svg\" aria-hidden=\"true\" focusable=\"false\"><path d=\"M12 2C6.5 2 2 6.5 2 12c0 5 3.7 9.1 8.4 9.9v-7H7.9V12h2.5V9.8c0-2.5 1.5-3.9 3.8-3.9 1.1 0 2.2.2 2.2.2v2.5h-1.3c-1.2 0-1.6.8-1.6 1.6V12h2.8l-.4 2.9h-2.3v7C18.3 21.1 22 17 22 12c0-5.5-4.5-10-10-10z\"><\/path><\/svg><span class=\"wp-block-social-link-label screen-reader-text\">Facebook<\/span><\/a><\/li>\n\n<li class=\"wp-social-link wp-social-link-instagram  wp-block-social-link\"><a href=\"https:\/\/www.instagram.com\/stephkrol33\/?next=%2F\" class=\"wp-block-social-link-anchor\"><svg width=\"24\" height=\"24\" viewBox=\"0 0 24 24\" version=\"1.1\" xmlns=\"http:\/\/www.w3.org\/2000\/svg\" aria-hidden=\"true\" focusable=\"false\"><path d=\"M12,4.622c2.403,0,2.688,0.009,3.637,0.052c0.877,0.04,1.354,0.187,1.671,0.31c0.42,0.163,0.72,0.358,1.035,0.673 c0.315,0.315,0.51,0.615,0.673,1.035c0.123,0.317,0.27,0.794,0.31,1.671c0.043,0.949,0.052,1.234,0.052,3.637 s-0.009,2.688-0.052,3.637c-0.04,0.877-0.187,1.354-0.31,1.671c-0.163,0.42-0.358,0.72-0.673,1.035 c-0.315,0.315-0.615,0.51-1.035,0.673c-0.317,0.123-0.794,0.27-1.671,0.31c-0.949,0.043-1.233,0.052-3.637,0.052 s-2.688-0.009-3.637-0.052c-0.877-0.04-1.354-0.187-1.671-0.31c-0.42-0.163-0.72-0.358-1.035-0.673 c-0.315-0.315-0.51-0.615-0.673-1.035c-0.123-0.317-0.27-0.794-0.31-1.671C4.631,14.688,4.622,14.403,4.622,12 s0.009-2.688,0.052-3.637c0.04-0.877,0.187-1.354,0.31-1.671c0.163-0.42,0.358-0.72,0.673-1.035 c0.315-0.315,0.615-0.51,1.035-0.673c0.317-0.123,0.794-0.27,1.671-0.31C9.312,4.631,9.597,4.622,12,4.622 M12,3 C9.556,3,9.249,3.01,8.289,3.054C7.331,3.098,6.677,3.25,6.105,3.472C5.513,3.702,5.011,4.01,4.511,4.511 c-0.5,0.5-0.808,1.002-1.038,1.594C3.25,6.677,3.098,7.331,3.054,8.289C3.01,9.249,3,9.556,3,12c0,2.444,0.01,2.751,0.054,3.711 c0.044,0.958,0.196,1.612,0.418,2.185c0.23,0.592,0.538,1.094,1.038,1.594c0.5,0.5,1.002,0.808,1.594,1.038 c0.572,0.222,1.227,0.375,2.185,0.418C9.249,20.99,9.556,21,12,21s2.751-0.01,3.711-0.054c0.958-0.044,1.612-0.196,2.185-0.418 c0.592-0.23,1.094-0.538,1.594-1.038c0.5-0.5,0.808-1.002,1.038-1.594c0.222-0.572,0.375-1.227,0.418-2.185 C20.99,14.751,21,14.444,21,12s-0.01-2.751-0.054-3.711c-0.044-0.958-0.196-1.612-0.418-2.185c-0.23-0.592-0.538-1.094-1.038-1.594 c-0.5-0.5-1.002-0.808-1.594-1.038c-0.572-0.222-1.227-0.375-2.185-0.418C14.751,3.01,14.444,3,12,3L12,3z M12,7.378 c-2.552,0-4.622,2.069-4.622,4.622S9.448,16.622,12,16.622s4.622-2.069,4.622-4.622S14.552,7.378,12,7.378z M12,15 c-1.657,0-3-1.343-3-3s1.343-3,3-3s3,1.343,3,3S13.657,15,12,15z M16.804,6.116c-0.596,0-1.08,0.484-1.08,1.08 s0.484,1.08,1.08,1.08c0.596,0,1.08-0.484,1.08-1.08S17.401,6.116,16.804,6.116z\"><\/path><\/svg><span class=\"wp-block-social-link-label screen-reader-text\">Instagram<\/span><\/a><\/li><\/ul>\n\n\n\n<p>Viens d\u00e9couvrir mon univers<\/p>\n\n\n\n<figure class=\"wp-block-image size-full\"><img loading=\"lazy\" decoding=\"async\" width=\"1536\" height=\"1024\" src=\"http:\/\/stephaniekrolauteur.fr\/wp-content\/uploads\/2025\/07\/ChatGPT-Image-5-juil.-2025-a-18_38_20.png\" alt=\"\" class=\"wp-image-67\" srcset=\"https:\/\/stephaniekrolauteur.fr\/wp-content\/uploads\/2025\/07\/ChatGPT-Image-5-juil.-2025-a-18_38_20.png 1536w, https:\/\/stephaniekrolauteur.fr\/wp-content\/uploads\/2025\/07\/ChatGPT-Image-5-juil.-2025-a-18_38_20-300x200.png 300w\" sizes=\"auto, (max-width: 1536px) 100vw, 1536px\" \/><\/figure>\n\n\n\n<p class=\"has-text-align-center\"><strong>Et si on osait \u00e9couter cette petite voix int\u00e9rieure qui chuchote : Et si c\u2019\u00e9tait maintenant ?<\/strong><\/p>\n\n\n\n<p>Je suis <strong>St\u00e9phanie Krol<\/strong>, autrice de romans introspectifs sur le d\u00e9veloppement personnel des femmes \u00e0 la crois\u00e9e des chemins entre \u00e9motions brutes et espoir lumineux. Mes histoires explorent ces moments charni\u00e8res o\u00f9 tout peut basculer : quand l&#8217;envie de vivre autrement devient plus forte que la peur de d\u00e9cevoir, quand la passion r\u00e9clame sa place face \u00e0 la raison.<\/p>\n\n\n\n<p>Dans mes romans, les h\u00e9ro\u00efnes ne sont ni parfaites ni h\u00e9ro\u00efques. Elles doutent, elles tr\u00e9buchent, elles aiment maladroitement, mais elles osent, \u00e0 leur rythme, questionner leur vie, leur couple, leurs r\u00eaves oubli\u00e9s. \u00c0 travers une \u00e9criture sensible, introspective et fluide, je vous invite \u00e0 vibrer avec elles, \u00e0 rire parfois, \u00e0 pleurer, et surtout \u00e0 vous demander :&nbsp;<\/p>\n\n\n\n<p class=\"has-text-align-center\"><strong><em>Et moi, qu\u2019est-ce que je choisirais ?<\/em><\/strong><\/p>\n\n\n\n<div class=\"wp-block-columns is-layout-flex wp-container-core-columns-is-layout-9d6595d7 wp-block-columns-is-layout-flex\">\n<div class=\"wp-block-column is-layout-flow wp-block-column-is-layout-flow\" style=\"flex-basis:33.33%\">\n<figure class=\"wp-block-image size-large\"><img loading=\"lazy\" decoding=\"async\" width=\"683\" height=\"1024\" src=\"http:\/\/stephaniekrolauteur.fr\/wp-content\/uploads\/2025\/09\/F15E75E7-7A3F-4894-BC93-6A53074D4D0F-683x1024.png\" alt=\"\" class=\"wp-image-127\" srcset=\"https:\/\/stephaniekrolauteur.fr\/wp-content\/uploads\/2025\/09\/F15E75E7-7A3F-4894-BC93-6A53074D4D0F-683x1024.png 683w, https:\/\/stephaniekrolauteur.fr\/wp-content\/uploads\/2025\/09\/F15E75E7-7A3F-4894-BC93-6A53074D4D0F-200x300.png 200w, https:\/\/stephaniekrolauteur.fr\/wp-content\/uploads\/2025\/09\/F15E75E7-7A3F-4894-BC93-6A53074D4D0F-768x1152.png 768w, https:\/\/stephaniekrolauteur.fr\/wp-content\/uploads\/2025\/09\/F15E75E7-7A3F-4894-BC93-6A53074D4D0F.png 1024w\" sizes=\"auto, (max-width: 683px) 100vw, 683px\" \/><\/figure>\n\n\n\n<div class=\"wp-block-buttons is-layout-flex wp-block-buttons-is-layout-flex\">\n<div class=\"wp-block-button is-style-outline is-style-outline--1\"><a class=\"wp-block-button__link wp-element-button\" href=\"https:\/\/www.amazon.fr\/Camille-Collection-vivre-St\u00e9phanie-Krol\/dp\/B0FQQ7X67P\/ref=sr_1_6?__mk_fr_FR=\u00c5M\u00c5\u017d\u00d5\u00d1&amp;crid=2Y55P2JMYLDW0&amp;dib=eyJ2IjoiMSJ9._MJYKJ8UxM0NWywM2ClDqo1ol1Bt6ZgralmqjP9uqvK6f518LIs2NkqFKgMaykHd7IIR8kFi3FfOVTkDkGp3MGNjECdxSzTh-ppmRrWGiGPzsIVrGg9ww4nWTq8lBhawB-tRwxNQ2nzGfiuUAdcxLQ.yP9Df6RHXI9ZvLrz8ZmU7bppjUZohHaN_vKyrwvgeuI&amp;dib_tag=se&amp;keywords=stephanie+krol&amp;qid=1775248241&amp;sprefix=stephanie+krol%2Caps%2C299&amp;sr=8-6\">18,90\u20ac<\/a><\/div>\n<\/div>\n<\/div>\n\n\n\n<div class=\"wp-block-column is-layout-flow wp-block-column-is-layout-flow\" style=\"flex-basis:66.66%\">\n<h2 class=\"wp-block-heading\">Camille<\/h2>\n\n\n\n<p>Collection Oser Vivre (F\u00e9vrier 2025)<\/p>\n\n\n\n<p>Camille a tout pour \u00eatre heureuse : un mari, une fille, une carri\u00e8re stable. Pourtant, le jour de ses 40 ans, elle r\u00e9alise que sa vie n\u2019est qu\u2019une fa\u00e7ade. Encourag\u00e9e par sa meilleure amie Nathalie, Camille d\u00e9cide de tout changer. Elle divorce, change de carri\u00e8re, voyage, et red\u00e9couvre l\u2019amour et le d\u00e9sir. Mais entre Paul, son ex-mari qui ne l\u2019a pas vraiment quitt\u00e9e, Nicolas, un amour de jeunesse retrouv\u00e9, et Liam, un s\u00e9duisant professeur de piano, Camille doit naviguer entre ses d\u00e9sirs et ses responsabilit\u00e9s. De Bordeaux \u00e0 New York en passant par le P\u00e9rou, Camille apprend \u00e0 s\u2019affirmer et \u00e0 vivre pleinement, prouvant qu\u2019il n\u2019est jamais trop tard pour recommencer.<\/p>\n<\/div>\n<\/div>\n\n\n\n<div class=\"wp-block-columns is-layout-flex wp-container-core-columns-is-layout-9d6595d7 wp-block-columns-is-layout-flex\">\n<div class=\"wp-block-column is-layout-flow wp-block-column-is-layout-flow\" style=\"flex-basis:33.33%\">\n<figure class=\"wp-block-image size-large\"><img loading=\"lazy\" decoding=\"async\" width=\"683\" height=\"1024\" src=\"http:\/\/stephaniekrolauteur.fr\/wp-content\/uploads\/2025\/11\/Couverture-2-683x1024.png\" alt=\"\" class=\"wp-image-137\" srcset=\"https:\/\/stephaniekrolauteur.fr\/wp-content\/uploads\/2025\/11\/Couverture-2-683x1024.png 683w, https:\/\/stephaniekrolauteur.fr\/wp-content\/uploads\/2025\/11\/Couverture-2-200x300.png 200w, https:\/\/stephaniekrolauteur.fr\/wp-content\/uploads\/2025\/11\/Couverture-2.png 1024w\" sizes=\"auto, (max-width: 683px) 100vw, 683px\" \/><\/figure>\n\n\n\n<div class=\"wp-block-buttons is-layout-flex wp-block-buttons-is-layout-flex\">\n<div class=\"wp-block-button is-style-outline is-style-outline--2\"><a class=\"wp-block-button__link wp-element-button\" href=\"https:\/\/www.amazon.fr\/Nathalie-Collection-vivre-St\u00e9phanie-Krol\/dp\/B0FZ8YS7V9\/ref=sr_1_3?__mk_fr_FR=\u00c5M\u00c5\u017d\u00d5\u00d1&amp;crid=2Y55P2JMYLDW0&amp;dib=eyJ2IjoiMSJ9._MJYKJ8UxM0NWywM2ClDqo1ol1Bt6ZgralmqjP9uqvK6f518LIs2NkqFKgMaykHd7IIR8kFi3FfOVTkDkGp3MGNjECdxSzTh-ppmRrWGiGPzsIVrGg9ww4nWTq8lBhawB-tRwxNQ2nzGfiuUAdcxLQ.yP9Df6RHXI9ZvLrz8ZmU7bppjUZohHaN_vKyrwvgeuI&amp;dib_tag=se&amp;keywords=stephanie+krol&amp;qid=1775248241&amp;sprefix=stephanie+krol%2Caps%2C299&amp;sr=8-3\">18,90\u20ac<\/a><\/div>\n<\/div>\n<\/div>\n\n\n\n<div class=\"wp-block-column is-layout-flow wp-block-column-is-layout-flow\" style=\"flex-basis:66.66%\">\n<h2 class=\"wp-block-heading\">Nathalie<\/h2>\n\n\n\n<p>Collection Oser Vivre (Novembre 2025)<\/p>\n\n\n\n<p><span style=\"caret-color: rgb(0, 0, 0); color: rgb(0, 0, 0); font-family: -webkit-standard; font-size: medium; white-space: normal;\">Nathalie, quadrag\u00e9naire pensait sa vie trac\u00e9e&nbsp;: un mari, un travail, une fille, une routine bien r\u00e9gl\u00e9e \u00e0 Bordeaux. Mais sous la fa\u00e7ade du bonheur, l\u2019amour s\u2019est \u00e9teint, remplac\u00e9 par le contr\u00f4le et le silence. Quand ses amies lui proposent une escapade entre filles \u00e0 Bali, elle h\u00e9site\u2026 puis dit oui. Ce voyage sera un \u00e9lectrochoc, une parenth\u00e8se lumineuse au c\u0153ur de laquelle tout basculera. Entre rires, \u00e9motions et r\u00e9v\u00e9lations, Nathalie d\u00e9couvrira qu\u2019il n\u2019est jamais trop tard pour se choisir.<\/span><\/p>\n<\/div>\n<\/div>\n\n\n\n<div class=\"wp-block-columns is-layout-flex wp-container-core-columns-is-layout-9d6595d7 wp-block-columns-is-layout-flex\">\n<div class=\"wp-block-column is-layout-flow wp-block-column-is-layout-flow\" style=\"flex-basis:33.33%\">\n<figure class=\"wp-block-image size-large\"><img loading=\"lazy\" decoding=\"async\" width=\"683\" height=\"1024\" src=\"http:\/\/stephaniekrolauteur.fr\/wp-content\/uploads\/2026\/04\/Laetitia-683x1024.png\" alt=\"\" class=\"wp-image-142\" srcset=\"https:\/\/stephaniekrolauteur.fr\/wp-content\/uploads\/2026\/04\/Laetitia-683x1024.png 683w, https:\/\/stephaniekrolauteur.fr\/wp-content\/uploads\/2026\/04\/Laetitia-200x300.png 200w, https:\/\/stephaniekrolauteur.fr\/wp-content\/uploads\/2026\/04\/Laetitia-768x1152.png 768w, https:\/\/stephaniekrolauteur.fr\/wp-content\/uploads\/2026\/04\/Laetitia.png 1024w\" sizes=\"auto, (max-width: 683px) 100vw, 683px\" \/><\/figure>\n\n\n\n<div class=\"wp-block-buttons is-layout-flex wp-block-buttons-is-layout-flex\">\n<div class=\"wp-block-button is-style-outline is-style-outline--3\"><a class=\"wp-block-button__link wp-element-button\" href=\"https:\/\/www.amazon.fr\/La\u00ebtitia-collection-vivre-inspirant-reconstruction\/dp\/B0GTJGX9SQ\/ref=sr_1_1?__mk_fr_FR=\u00c5M\u00c5\u017d\u00d5\u00d1&amp;crid=2Y55P2JMYLDW0&amp;dib=eyJ2IjoiMSJ9._MJYKJ8UxM0NWywM2ClDqo1ol1Bt6ZgralmqjP9uqvK6f518LIs2NkqFKgMaykHd7IIR8kFi3FfOVTkDkGp3MGNjECdxSzTh-ppmRrWGiGPzsIVrGg9ww4nWTq8lBhawB-tRwxNQ2nzGfiuUAdcxLQ.yP9Df6RHXI9ZvLrz8ZmU7bppjUZohHaN_vKyrwvgeuI&amp;dib_tag=se&amp;keywords=stephanie+krol&amp;qid=1775248241&amp;sprefix=stephanie+krol%2Caps%2C299&amp;sr=8-1\">18,90\u20ac<\/a><\/div>\n<\/div>\n<\/div>\n\n\n\n<div class=\"wp-block-column is-layout-flow wp-block-column-is-layout-flow\" style=\"flex-basis:66.66%\">\n<h2 class=\"wp-block-heading\">La\u00ebtitia<\/h2>\n\n\n\n<p>Collection Oser Vivre (Mars 2026)<\/p>\n\n\n\n<p><span style=\"caret-color: rgb(0, 0, 0); color: rgb(0, 0, 0); font-family: -webkit-standard; font-size: medium; white-space: normal;\">La\u00ebtitia a quarante-deux ans.<\/span><span style=\"caret-color: rgb(0, 0, 0); color: rgb(0, 0, 0); font-family: -webkit-standard; font-size: medium; white-space: normal;\">Photographe de mode \u00e0 Bordeaux, elle capture les visages, les corps, les instants suspendus. Mais derri\u00e8re son objectif, une fissure demeure.<\/span><span style=\"caret-color: rgb(0, 0, 0); color: rgb(0, 0, 0); font-family: -webkit-standard; font-size: medium; white-space: normal;\">Il y a six ans, son monde s\u2019est effondr\u00e9. Quinze ann\u00e9es d\u2019amour balay\u00e9es par une trahison impossible \u00e0 imaginer. Depuis, elle avance. Libre, en apparence. Fragile, parfois.<\/span><span style=\"caret-color: rgb(0, 0, 0); color: rgb(0, 0, 0); font-family: -webkit-standard; font-size: medium; white-space: normal;\">Puis il y a Isabelle. Une rencontre inattendue. Un amour doux, solide, \u00e9vident. Un regard qui n\u2019aveugle pas, mais \u00e9claire. Quand elles s\u2019envolent pour une croisi\u00e8re sur le Nil, entre Louxor, Karnak et la Vall\u00e9e des Rois, La\u00ebtitia croit partir pour un simple voyage. Elle ne sait pas encore qu\u2019au c\u0153ur des temples mill\u00e9naires et du d\u00e9sert br\u00fblant, c\u2019est une autre travers\u00e9e qui l\u2019attend : celle de ses souvenirs, de ses peurs, et du pardon. Peut-on aimer \u00e0 nouveau sans trembler ?&nbsp;<\/span><span style=\"caret-color: rgb(0, 0, 0); color: rgb(0, 0, 0); font-family: -webkit-standard; font-size: medium; white-space: normal;\">Peut-on refermer un chapitre sans en effacer les cicatrices ?<\/span><span style=\"caret-color: rgb(0, 0, 0); color: rgb(0, 0, 0); font-family: -webkit-standard; font-size: medium; white-space: normal;\">Et si, comme le Nil, la vie trouvait toujours son chemin ?<\/span><\/p>\n<\/div>\n<\/div>\n\n\n\n<div class=\"wp-block-columns is-layout-flex wp-container-core-columns-is-layout-9d6595d7 wp-block-columns-is-layout-flex\">\n<div class=\"wp-block-column is-layout-flow wp-block-column-is-layout-flow\" style=\"flex-basis:33.33%\">\n<figure class=\"wp-block-image size-full\"><img loading=\"lazy\" decoding=\"async\" width=\"1024\" height=\"1536\" src=\"http:\/\/stephaniekrolauteur.fr\/wp-content\/uploads\/2025\/07\/Couverture-la-symphonie-des-choix.png\" alt=\"\" class=\"wp-image-68\" srcset=\"https:\/\/stephaniekrolauteur.fr\/wp-content\/uploads\/2025\/07\/Couverture-la-symphonie-des-choix.png 1024w, https:\/\/stephaniekrolauteur.fr\/wp-content\/uploads\/2025\/07\/Couverture-la-symphonie-des-choix-200x300.png 200w\" sizes=\"auto, (max-width: 1024px) 100vw, 1024px\" \/><\/figure>\n\n\n\n<div class=\"wp-block-buttons is-layout-flex wp-block-buttons-is-layout-flex\">\n<div class=\"wp-block-button is-style-outline is-style-outline--4\"><a class=\"wp-block-button__link wp-element-button\" href=\"https:\/\/www.amazon.fr\/symphonie-choix-St\u00e9phanie-KROL\/dp\/B0FLFDK9L4\/ref=sr_1_4?__mk_fr_FR=\u00c5M\u00c5\u017d\u00d5\u00d1&amp;crid=2Y55P2JMYLDW0&amp;dib=eyJ2IjoiMSJ9._MJYKJ8UxM0NWywM2ClDqo1ol1Bt6ZgralmqjP9uqvK6f518LIs2NkqFKgMaykHd7IIR8kFi3FfOVTkDkGp3MGNjECdxSzTh-ppmRrWGiGPzsIVrGg9ww4nWTq8lBhawB-tRwxNQ2nzGfiuUAdcxLQ.yP9Df6RHXI9ZvLrz8ZmU7bppjUZohHaN_vKyrwvgeuI&amp;dib_tag=se&amp;keywords=stephanie+krol&amp;qid=1775248241&amp;sprefix=stephanie+krol%2Caps%2C299&amp;sr=8-4\">20,90\u20ac<\/a><\/div>\n<\/div>\n<\/div>\n\n\n\n<div class=\"wp-block-column is-layout-flow wp-block-column-is-layout-flow\" style=\"flex-basis:66.66%\">\n<h2 class=\"wp-block-heading\">La symphonie des Choix<\/h2>\n\n\n\n<p>Ao\u00fbt 2025<\/p>\n\n\n\n<p class=\"has-normal-font-size\"><strong>Et si vous d\u00e9cidiez \u00e0 sa place ?<\/strong><\/p>\n\n\n\n<p class=\"has-normal-font-size\">Laura, pianiste talentueuse, voit son destin basculer apr\u00e8s une audition. Entre une carri\u00e8re artistique intense et une vie plus stable aux c\u00f4t\u00e9s de son compagnon, le choix est d\u00e9chirant. Dans ce roman interactif,&nbsp;<strong>c\u2019est vous qui choisissez la suite<\/strong>&nbsp;: passion ou raison ?<br>Un voyage int\u00e9rieur o\u00f9 chaque d\u00e9cision fa\u00e7onne son avenir\u2026 et peut-\u00eatre le v\u00f4tre.<\/p>\n\n\n\n<div class=\"wp-block-buttons is-layout-flex wp-block-buttons-is-layout-flex\"><\/div>\n<\/div>\n<\/div>\n\n\n\n<div class=\"wp-block-buttons is-layout-flex wp-block-buttons-is-layout-flex\"><\/div>\n\n\n\n<div class=\"wp-block-buttons is-layout-flex wp-block-buttons-is-layout-flex\"><\/div>\n","protected":false},"excerpt":{"rendered":"<p>Viens d\u00e9couvrir mon univers Et si on osait \u00e9couter cette petite voix int\u00e9rieure qui chuchote : Et si c\u2019\u00e9tait maintenant ? Je suis St\u00e9phanie Krol, autrice de romans introspectifs sur le d\u00e9veloppement personnel des femmes \u00e0 la crois\u00e9e des chemins entre \u00e9motions brutes et espoir lumineux. Mes histoires explorent ces moments charni\u00e8res o\u00f9 tout peut&#8230;<\/p>\n","protected":false},"author":1,"featured_media":0,"parent":0,"menu_order":0,"comment_status":"closed","ping_status":"closed","template":"","meta":{"_kadence_starter_templates_imported_post":false,"_kad_post_transparent":"enable","_kad_post_title":"show","_kad_post_layout":"narrow","_kad_post_sidebar_id":"","_kad_post_content_style":"boxed","_kad_post_vertical_padding":"show","_kad_post_feature":"show","_kad_post_feature_position":"above","_kad_post_header":true,"_kad_post_footer":true,"footnotes":""},"class_list":["post-61","page","type-page","status-publish","hentry"],"_links":{"self":[{"href":"https:\/\/stephaniekrolauteur.fr\/index.php\/wp-json\/wp\/v2\/pages\/61","targetHints":{"allow":["GET"]}}],"collection":[{"href":"https:\/\/stephaniekrolauteur.fr\/index.php\/wp-json\/wp\/v2\/pages"}],"about":[{"href":"https:\/\/stephaniekrolauteur.fr\/index.php\/wp-json\/wp\/v2\/types\/page"}],"author":[{"embeddable":true,"href":"https:\/\/stephaniekrolauteur.fr\/index.php\/wp-json\/wp\/v2\/users\/1"}],"replies":[{"embeddable":true,"href":"https:\/\/stephaniekrolauteur.fr\/index.php\/wp-json\/wp\/v2\/comments?post=61"}],"version-history":[{"count":30,"href":"https:\/\/stephaniekrolauteur.fr\/index.php\/wp-json\/wp\/v2\/pages\/61\/revisions"}],"predecessor-version":[{"id":146,"href":"https:\/\/stephaniekrolauteur.fr\/index.php\/wp-json\/wp\/v2\/pages\/61\/revisions\/146"}],"wp:attachment":[{"href":"https:\/\/stephaniekrolauteur.fr\/index.php\/wp-json\/wp\/v2\/media?parent=61"}],"curies":[{"name":"wp","href":"https:\/\/api.w.org\/{rel}","templated":true}]}}